{"id":106,"date":"2016-02-19T19:33:31","date_gmt":"2016-02-19T19:33:31","guid":{"rendered":"https:\/\/www.trimagus.hu\/?page_id=106"},"modified":"2016-11-08T12:43:56","modified_gmt":"2016-11-08T12:43:56","slug":"eletvezetesi-tanacsadas","status":"publish","type":"page","link":"https:\/\/www.trimagus.hu\/index.php\/kezelesek\/eletvezetesi-tanacsadas\/","title":{"rendered":"\u00c9letvezet\u00e9si tan\u00e1csad\u00e1s"},"content":{"rendered":"<p>Az \u00e9letvezet\u00e9si tan\u00e1csad\u00e1s egy olyan komplex konzult\u00e1ci\u00f3, amely sor\u00e1n felm\u00e9rj\u00fck a jelenlegi \u00e1llapotot, mind testi, mind lelki, mind pedig szellemi s\u00edkokon.<\/p>\n<p>K\u00f6z\u00f6sen \u00e1tbesz\u00e9lj\u00fck \u00e9s \u00e9rt\u00e9kelj\u00fck a jelenlegi \u00e9lethelyzett\u0151l a k\u00edv\u00e1nt c\u00e9lig \u2013 \u00a0mely elhozott hozz\u00e1m \u2013 vezet\u0151 utat.<br \/>\n\u00d6ssze\u00e1ll\u00edtunk sz\u00e1modra egy \u00fagynevezett kezel\u00e9si tervet, amely kijel\u00f6li azokat a m\u00e9rf\u00f6ldk\u00f6veket az \u00faton, amelyeket ha k\u00f6z\u00f6sen el\u00e9r\u00fcnk \u00e9s meghaladunk, eljuthatsz oda, ahov\u00e1 szeretn\u00e9l.<\/p>\n<p>Fizikai-, lelki \u00e1llapott\u00f3l, aktu\u00e1lis \u00e9lethelyzett\u0151l \u00e9s szem\u00e9lyes kih\u00edv\u00e1sokt\u00f3l f\u00fcgg\u0151en sz\u00e1mos ter\u00e1pi\u00e1s lehet\u0151s\u00e9g j\u00f6het sz\u00f3ba, melyeket hozz\u00e1\u00e9rt\u0151 kolleg\u00e1immal k\u00f6z\u00f6sen \u00e1ll\u00edtunk \u00f6ssze sz\u00e1modra.<\/p>\n","protected":false},"excerpt":{"rendered":"<p>Az \u00e9letvezet\u00e9si tan\u00e1csad\u00e1s egy olyan komplex konzult\u00e1ci\u00f3, amely sor\u00e1n felm\u00e9rj\u00fck a jelenlegi \u00e1llapotot, mind testi, mind lelki, mind pedig szellemi s\u00edkokon. K\u00f6z\u00f6sen \u00e1tbesz\u00e9lj\u00fck \u00e9s \u00e9rt\u00e9kelj\u00fck a jelenlegi \u00e9lethelyzett\u0151l a k\u00edv\u00e1nt c\u00e9lig \u2013 \u00a0mely elhozott hozz\u00e1m \u2013 vezet\u0151 utat. \u00d6ssze\u00e1ll\u00edtunk sz\u00e1modra egy \u00fagynevezett kezel\u00e9si tervet, amely kijel\u00f6li azokat a m\u00e9rf\u00f6ldk\u00f6veket az \u00faton, amelyeket ha k\u00f6z\u00f6sen el\u00e9r\u00fcnk [&hellip;]<\/p>\n","protected":false},"author":1,"featured_media":263,"parent":48,"menu_order":0,"comment_status":"closed","ping_status":"closed","template":"","meta":{"footnotes":""},"_links":{"self":[{"href":"https:\/\/www.trimagus.hu\/index.php\/wp-json\/wp\/v2\/pages\/106"}],"collection":[{"href":"https:\/\/www.trimagus.hu\/index.php\/wp-json\/wp\/v2\/pages"}],"about":[{"href":"https:\/\/www.trimagus.hu\/index.php\/wp-json\/wp\/v2\/types\/page"}],"author":[{"embeddable":true,"href":"https:\/\/www.trimagus.hu\/index.php\/wp-json\/wp\/v2\/users\/1"}],"replies":[{"embeddable":true,"href":"https:\/\/www.trimagus.hu\/index.php\/wp-json\/wp\/v2\/comments?post=106"}],"version-history":[{"count":7,"href":"https:\/\/www.trimagus.hu\/index.php\/wp-json\/wp\/v2\/pages\/106\/revisions"}],"predecessor-version":[{"id":848,"href":"https:\/\/www.trimagus.hu\/index.php\/wp-json\/wp\/v2\/pages\/106\/revisions\/848"}],"up":[{"embeddable":true,"href":"https:\/\/www.trimagus.hu\/index.php\/wp-json\/wp\/v2\/pages\/48"}],"wp:featuredmedia":[{"embeddable":true,"href":"https:\/\/www.trimagus.hu\/index.php\/wp-json\/wp\/v2\/media\/263"}],"wp:attachment":[{"href":"https:\/\/www.trimagus.hu\/index.php\/wp-json\/wp\/v2\/media?parent=106"}],"curies":[{"name":"wp","href":"https:\/\/api.w.org\/{rel}","templated":true}]}}