{"id":1359,"date":"2017-03-12T15:48:08","date_gmt":"2017-03-12T15:48:08","guid":{"rendered":"https:\/\/www.trimagus.hu\/?page_id=1359"},"modified":"2017-03-12T17:44:55","modified_gmt":"2017-03-12T17:44:55","slug":"aroma-masszazs","status":"publish","type":"page","link":"https:\/\/www.trimagus.hu\/index.php\/kezelesek\/termeszetgyogyaszati-kozultacio\/masszazsterapiak\/aroma-masszazs\/","title":{"rendered":"Aroma massz\u00e1zs"},"content":{"rendered":"<p>Ez a l\u00e1gynak mondhat\u00f3 massz\u00e1zstechnika az ill\u00f3olajok erej\u00e9nek felhaszn\u00e1l\u00e1s\u00e1val testi, lelki \u00e9s szellemi s\u00edkokon egyar\u00e1nt hat\u00e1sosan m\u0171k\u00f6dik.<\/p>\n<p>Aj\u00e1nljuk annak, aki:<\/p>\n<ul>\n<li>stresszhat\u00e1snak van kit\u00e9ve,<\/li>\n<li>szeretn\u00e9 az immunrendszer\u00e9t er\u0151s\u00edteni\/t\u00e1mogatni,<\/li>\n<li>szeretn\u00e9 a testi m\u00e9regtelen\u00edt\u00e9st el\u0151seg\u00edteni \u00e9s\/vagy fokozni,<\/li>\n<li>szeretn\u00e9 a massz\u00e1zs \u00e9s a kellemes illatok ny\u00fajtotta k\u00e9nyeztet\u00e9s \u00e9lm\u00e9ny\u00e9t megadni mag\u00e1nak.<\/li>\n<\/ul>\n<p>A kezel\u00e9s egy \u00f3ra id\u0151tartam\u00fa. A kezel\u00e9s sor\u00e1n csak ter\u00e1pi\u00e1s tisztas\u00e1g\u00fa<em> (100%-os \u00e9s bels\u0151leg t\u00f6rt\u00e9n\u0151 fogyaszt\u00e1sra is alkalmas)<\/em> esszenci\u00e1lis olajokat haszn\u00e1lunk.<\/p>\n","protected":false},"excerpt":{"rendered":"<p>Ez a l\u00e1gynak mondhat\u00f3 massz\u00e1zstechnika az ill\u00f3olajok erej\u00e9nek felhaszn\u00e1l\u00e1s\u00e1val testi, lelki \u00e9s szellemi s\u00edkokon egyar\u00e1nt hat\u00e1sosan m\u0171k\u00f6dik. Aj\u00e1nljuk annak, aki: stresszhat\u00e1snak van kit\u00e9ve, szeretn\u00e9 az immunrendszer\u00e9t er\u0151s\u00edteni\/t\u00e1mogatni, szeretn\u00e9 a testi m\u00e9regtelen\u00edt\u00e9st el\u0151seg\u00edteni \u00e9s\/vagy fokozni, szeretn\u00e9 a massz\u00e1zs \u00e9s a kellemes illatok ny\u00fajtotta k\u00e9nyeztet\u00e9s \u00e9lm\u00e9ny\u00e9t megadni mag\u00e1nak. A kezel\u00e9s egy \u00f3ra id\u0151tartam\u00fa. A kezel\u00e9s sor\u00e1n csak [&hellip;]<\/p>\n","protected":false},"author":1,"featured_media":1371,"parent":82,"menu_order":0,"comment_status":"closed","ping_status":"closed","template":"","meta":{"footnotes":""},"_links":{"self":[{"href":"https:\/\/www.trimagus.hu\/index.php\/wp-json\/wp\/v2\/pages\/1359"}],"collection":[{"href":"https:\/\/www.trimagus.hu\/index.php\/wp-json\/wp\/v2\/pages"}],"about":[{"href":"https:\/\/www.trimagus.hu\/index.php\/wp-json\/wp\/v2\/types\/page"}],"author":[{"embeddable":true,"href":"https:\/\/www.trimagus.hu\/index.php\/wp-json\/wp\/v2\/users\/1"}],"replies":[{"embeddable":true,"href":"https:\/\/www.trimagus.hu\/index.php\/wp-json\/wp\/v2\/comments?post=1359"}],"version-history":[{"count":6,"href":"https:\/\/www.trimagus.hu\/index.php\/wp-json\/wp\/v2\/pages\/1359\/revisions"}],"predecessor-version":[{"id":1368,"href":"https:\/\/www.trimagus.hu\/index.php\/wp-json\/wp\/v2\/pages\/1359\/revisions\/1368"}],"up":[{"embeddable":true,"href":"https:\/\/www.trimagus.hu\/index.php\/wp-json\/wp\/v2\/pages\/82"}],"wp:featuredmedia":[{"embeddable":true,"href":"https:\/\/www.trimagus.hu\/index.php\/wp-json\/wp\/v2\/media\/1371"}],"wp:attachment":[{"href":"https:\/\/www.trimagus.hu\/index.php\/wp-json\/wp\/v2\/media?parent=1359"}],"curies":[{"name":"wp","href":"https:\/\/api.w.org\/{rel}","templated":true}]}}