{"id":143,"date":"2016-02-19T20:36:59","date_gmt":"2016-02-19T20:36:59","guid":{"rendered":"https:\/\/www.trimagus.hu\/?page_id=143"},"modified":"2018-12-06T13:34:17","modified_gmt":"2018-12-06T13:34:17","slug":"ajanlott-konyvek","status":"publish","type":"page","link":"https:\/\/www.trimagus.hu\/index.php\/erdekessegek\/ajanlott-konyvek\/","title":{"rendered":"Aj\u00e1nlott k\u00f6nyvek"},"content":{"rendered":"<div class=\"responsive-tabs\">\n<h2 class=\"tabtitle\"><strong>Kelet:<br \/>\n<em>b\u00f6lcselet, filoz\u00f3fia, vall\u00e1s...<\/em><\/strong><\/h2>\n<div class=\"tabcontent\">\n\n<ul>\n<li>Buddha Besz\u00e9dei, Helikon Kiad\u00f3, 2009.<\/li>\n<li>Csuang Ce b\u00f6lcsess\u00e9ge, Farkas L\u0151rinc Imre Kiad\u00f3, 1994.<\/li>\n<li>CE, Lao: Tao Te King, Tercium Kiad\u00f3, 1994.<\/li>\n<li>CE, Li: Az eloml\u00f3 \u00fcress\u00e9g igaz k\u00f6nyve, Helikon Kiad\u00f3, 2008.<\/li>\n<li>CE, Su La: Besz\u00e9lget\u00e9sek Lin-csi ap\u00e1t kolostor\u00e1ban, Kelet Kiad\u00f3, 2005.<\/li>\n<li>CE, Sun: A h\u00e1bor\u00fa m\u0171v\u00e9szete, Cartaphilus Kiad\u00f3, 2006.<\/li>\n<li>HADARA, S\u00f3d\u00f3: Bodhidarma \u00f6sv\u00e9ny\u00e9n, Filosz Kiad\u00f3, 2005.<\/li>\n<li>HUA-CHING, Ni:\u00a0I Ching &#8211; A V\u00e1ltoz\u00e1sok k\u00f6nyve \u00e9s a v\u00e1ltozatlan igazs\u00e1g,\u00a0Lunarimpex Kiad\u00f3, 2006.<\/li>\n<li>PIONTEK, Maitreyi D.: A n\u0151 \u00e9s a Tao, Partvonal Kiad\u00f3, 2008.<\/li>\n<li>TAO, Teng Ming: A tao 365 gy\u00f6ngyszeme, Lunarimpex Kiad\u00f3, 2007.<\/li>\n<li>TAO, Teng Ming: Taoista t\u00f6rt\u00e9net, Lunarimpex Kiad\u00f3, 1998.<\/li>\n<li>WONG, Ewa: H\u00e9t taoista mester, Libruna Kiad\u00f3, 2005.<\/li>\n<\/ul>\n\n<\/div><h2 class=\"tabtitle\"><strong>Nyugat:<br \/>\n<\/strong><em><strong>ezot\u00e9ria, spiritualit\u00e1s...<\/strong><\/em><\/h2>\n<div class=\"tabcontent\">\n\n<ul>\n<li>Balogh B\u00e9la: A v\u00e9gs\u0151 val\u00f3s\u00e1g, Bioenergetic Kiad\u00f3, 1999.<\/li>\n<li>Balogh B\u00e9la: A tudatalatti t\u00edzparancsolata, Bioenergetic Kiad\u00f3, 2005.<\/li>\n<li>BYRNE, Rhonda: A titok, \u00c9desv\u00edz Kiad\u00f3, 2007.<\/li>\n<li>CHAPMAN, Gary: A szerelem pszichol\u00f3gi\u00e1ja, Network TwentyOne, 1997.<\/li>\n<li>COELHO, Paul: A Zar\u00e1ndoklat, Athenaeum 2000 Kiad\u00f3, 2005.<\/li>\n<li>Csernus Imre, Dr.: A f\u00e9rfi, Jaffa Kiad\u00f3, 2009.<\/li>\n<li>Csernus Imre, Dr.: A n\u0151, Jaffa Kiad\u00f3, 2008.<\/li>\n<li>Cs\u00edkszentmih\u00e1lyi Mih\u00e1ly: FLOW &#8211; Az \u00e1ramlat, Akad\u00e9mia Kiad\u00f3, 1997.<\/li>\n<li>DETHLEFSEN, Thorwald: A sors mint es\u00e9ly, M\u00e9rt\u00e9k Kiad\u00f3, 2009.<\/li>\n<li>Gonda Istv\u00e1n &#8211; Ill\u00e9s Csilla: A sz\u00e9ps\u00e9g szimf\u00f3ni\u00e1ja, Pontifex Kiad\u00f3, 2002.<\/li>\n<li>Gonda Istv\u00e1n &#8211; Ill\u00e9s Csilla: A test a l\u00e9lek sz\u00ednpada, V\u00edzt\u00e9r\u00edt\u0151 Kiad\u00f3<\/li>\n<li>GRABHORN, Lynn: A vonz\u00e1s hatalma, \u00c9desv\u00edz Kiad\u00f3, 2004.<\/li>\n<li>GRAY, John, PhD.: A f\u00e9rfiak a Marsr\u00f3l a n\u0151k a V\u00e9nuszr\u00f3l j\u00f6ttek, Trivium Kiad\u00f3, 2001.<\/li>\n<li>HICKS, Esther \u00e9s Jerry: A vonz\u00e1s t\u00f6rv\u00e9nye, Mandala-Veda Kiad\u00f3, 2007.<\/li>\n<li>KELDER, Peter: A fiatals\u00e1g forr\u00e1sa, \u00c9desv\u00edz Kiad\u00f3, 2005.<\/li>\n<li>KRYON: Hazat\u00e9r\u00e9s, Mandala-Veda Kiad\u00f3, 2004.<\/li>\n<li>LITTAUER, Florence: Szem\u00e9lyis\u00e9g\u00fcnk rejtett tartal\u00e9kai, Network TwentyOne, 1995.<\/li>\n<li>MARKIDES, Kyriacos C.: A ciprusi m\u00e1gus, \u00c9desv\u00edz Kiad\u00f3, 2006.<\/li>\n<li>M\u00e1t\u00e9 Imre: Yotengrit, P\u00fcski Kiad\u00f3, 2016.<\/li>\n<li>MELCHIZEDEK, Drunvalo: \u00c9let a sz\u00edvben, Mandala-Veda Kiad\u00f3, 2004.<\/li>\n<li>MILLMAN, Dan: A b\u00e9k\u00e9s harcos \u00fatja, \u00c9desv\u00edz Kiad\u00f3, 2007.<\/li>\n<li>MILLMAN, Dan: A szellem t\u00f6rv\u00e9nyei, \u00daj Mani-fest Kiad\u00f3, 2003.<\/li>\n<li>Munk\u00e1csi Gabriella: <a href=\"https:\/\/mek.oszk.hu\/17600\/17649\/17649.pdf\" target=\"_blank\">R\u00f3zsal\u00e1ng<\/a>, Mag\u00e1nkiad\u00e1s<\/li>\n<li>Munk\u00e1csi Gabriella: <a href=\"https:\/\/mek.oszk.hu\/17600\/17648\/17648.pdf\" target=\"_blank\">A sebes\u00fclt kir\u00e1ly<\/a>, Mag\u00e1nkiad\u00e1s<\/li>\n<li>Munk\u00e1csi Gabriella: Viharok \u00e9ve, Mag\u00e1nkiad\u00e1s<\/li>\n<li>Munk\u00e1csi Gabriella: A J\u00f3slat, Mag\u00e1nkiad\u00e1s<\/li>\n<li>MURPHY, Joseph, Dr.: Tudatalattid csod\u00e1latos hatalma, Maecenas Kiad\u00f3, 1995.<\/li>\n<li>PEASE, Allan \u00e9s Barbara: Mi\u00e9rt hazudik a f\u00e9rfi? Mi\u00e9rt s\u00edr a n\u0151?, Park Kiad\u00f3, 2003.<\/li>\n<li>P\u00f3sa Ferenc: A betegs\u00e9g mint p\u00f3tcselekv\u00e9s<\/li>\n<li>REDFIELD, James: A mennyei pr\u00f3f\u00e9cia, Alexandra Kiad\u00f3, 1995.<\/li>\n<li>ROSS, Skip &#8211; CARLSON, Carole C.: Dinamikus \u00e9let, Network TwentyOne, 2003.<\/li>\n<li>S\u00e1gi M\u00e1ria, Dr. &#8211; S\u00e1gi Istv\u00e1n: Inform\u00e1ci\u00f3s gy\u00f3gy\u00edt\u00e1s &#8211; A K\u00f6rbler-m\u00f3dszer (DVD mell\u00e9klettel), Bioenergetic Kiad\u00f3, 2013.<\/li>\n<li>STEINER, Rudolf: A r\u00f3zsakeresztesek teoz\u00f3fi\u00e1ja, \u00daj Mani-fest Kiad\u00f3, 2000.<\/li>\n<li>STELZL, Diethard, Dr.: Ho&#8217;oponopono &#8211; Gy\u00f3gy\u00edt\u00e1s szeretettel, Bioenergetic Kiad\u00f3, 2012.<\/li>\n<li>Szalay \u00c1d\u00e1m: Itt a TE id\u0151d! &#8211; Vadonat\u00faj \u00e9let 10 l\u00e9p\u00e9sben (CD mell\u00e9klettel), Bioenergetic Kiad\u00f3, 2017.<\/li>\n<li>Szepes M\u00e1ria: A v\u00f6r\u00f6s oroszl\u00e1n, \u00c9desv\u00edz Kiad\u00f3, 2006.<\/li>\n<li>WALLACE, Tim &#8211; HOPKINS, Murphy \u00e9s Maralyn: ROSSLYN &#8211; A Szent Gr\u00e1l titkainak \u0151rz\u0151je, Alexandra Kiad\u00f3, 2001.<\/li>\n<li>We\u00f6res S\u00e1ndor: A teljess\u00e9g fel\u00e9, Tericum Kiad\u00f3, 1994.<\/li>\n<\/ul>\n\n<\/div><h2 class=\"tabtitle\"><strong>K\u00e9zm\u0171vess\u00e9g - Fazekass\u00e1g<\/strong><\/h2>\n<div class=\"tabcontent\">\n\n<ul>\n<li>ATKIN, Jacgui: Ker\u00e1mia k\u00e9sz\u00edt\u00e9s, Gabo Kiad\u00f3, 2014.<\/li>\n<li>ATKIN, Jacgui: Fazekass\u00e1g &#8211; Az alapokt\u00f3l a mesterfog\u00e1sokig &#8211; 250 \u00f6tlet, technika, m\u0171helytitok, Kossuth Kiad\u00f3, 2014.<\/li>\n<li>CHAVARRIA, Joaquim: Ker\u00e1mia, Novella Kiad\u00f3, 1997.<\/li>\n<li>Csupor Istv\u00e1n: Az Alf\u00f6ld n\u00e9pi ker\u00e1miam\u0171v\u00e9szete, Novella Kiad\u00f3, 2011.<\/li>\n<li>Csupor Istv\u00e1n: Erd\u00e9ly n\u00e9pi ker\u00e1miam\u0171v\u00e9szete &#8211; A K\u00e1rp\u00e1t-medence ker\u00e1miam\u0171v\u00e9szete I. k\u00f6tet, Novella Kiad\u00f3, 2008.<\/li>\n<li>Csupor Istv\u00e1n: A Dun\u00e1nt\u00fal, a Felf\u00f6ld \u00e9s a Fels\u0151-Tisza-vid\u00e9k n\u00e9pi ker\u00e1miam\u0171v\u00e9szete &#8211; A K\u00e1rp\u00e1t-medence ker\u00e1miam\u0171v\u00e9szete, Novella Kiad\u00f3, 2013.<\/li>\n<li>Csupor Istv\u00e1n \u2013 Csuporn\u00e9 Angyal Zsuzsa : Fazekask\u00f6nyv, Mez\u0151gazda Kiad\u00f3, 2003.<\/li>\n<li>Holl\u00f3 Szilvia Andrea- Szulovszky J\u00e1nos (szerk.): Az agyagm\u0171vess\u00e9g \u00e9vezredei a K\u00e1rp\u00e1t-medenc\u00e9ben, 2006.<\/li>\n<li>Kardos M\u00e1ria: Primit\u00edv fazekass\u00e1g, Mesters\u00e9gek sorozat, M\u00fazs\u00e1k K\u00f6zm\u0171vel\u0151d\u00e9si Kiad\u00f3, 1984.<\/li>\n<li>Kresz M\u00e1ria: Magyar fazekasm\u0171v\u00e9szet, Corvina Kiad\u00f3, 1991.<\/li>\n<li>ROS, Dolors: Agyagm\u0171vess\u00e9g \u2013 ker\u00e1mia Magyar K\u00f6nyvklub, Budapest, 2004.<\/li>\n<li>SCOTT, Marilyn: Ker\u00e1mia, Gabo Kiad\u00f3, 2009.<\/li>\n<\/ul>\n<\/div><\/div>\n","protected":false},"excerpt":{"rendered":"<p>Buddha Besz\u00e9dei, Helikon Kiad\u00f3, 2009. Csuang Ce b\u00f6lcsess\u00e9ge, Farkas L\u0151rinc Imre Kiad\u00f3, 1994. CE, Lao: Tao Te King, Tercium Kiad\u00f3, 1994. CE, Li: Az eloml\u00f3 \u00fcress\u00e9g igaz k\u00f6nyve, Helikon Kiad\u00f3, 2008. CE, Su La: Besz\u00e9lget\u00e9sek Lin-csi ap\u00e1t kolostor\u00e1ban, Kelet Kiad\u00f3, 2005. CE, Sun: A h\u00e1bor\u00fa m\u0171v\u00e9szete, Cartaphilus Kiad\u00f3, 2006. HADARA, S\u00f3d\u00f3: Bodhidarma \u00f6sv\u00e9ny\u00e9n, Filosz Kiad\u00f3, [&hellip;]<\/p>\n","protected":false},"author":1,"featured_media":935,"parent":140,"menu_order":0,"comment_status":"closed","ping_status":"closed","template":"","meta":{"footnotes":""},"_links":{"self":[{"href":"https:\/\/www.trimagus.hu\/index.php\/wp-json\/wp\/v2\/pages\/143"}],"collection":[{"href":"https:\/\/www.trimagus.hu\/index.php\/wp-json\/wp\/v2\/pages"}],"about":[{"href":"https:\/\/www.trimagus.hu\/index.php\/wp-json\/wp\/v2\/types\/page"}],"author":[{"embeddable":true,"href":"https:\/\/www.trimagus.hu\/index.php\/wp-json\/wp\/v2\/users\/1"}],"replies":[{"embeddable":true,"href":"https:\/\/www.trimagus.hu\/index.php\/wp-json\/wp\/v2\/comments?post=143"}],"version-history":[{"count":67,"href":"https:\/\/www.trimagus.hu\/index.php\/wp-json\/wp\/v2\/pages\/143\/revisions"}],"predecessor-version":[{"id":2012,"href":"https:\/\/www.trimagus.hu\/index.php\/wp-json\/wp\/v2\/pages\/143\/revisions\/2012"}],"up":[{"embeddable":true,"href":"https:\/\/www.trimagus.hu\/index.php\/wp-json\/wp\/v2\/pages\/140"}],"wp:featuredmedia":[{"embeddable":true,"href":"https:\/\/www.trimagus.hu\/index.php\/wp-json\/wp\/v2\/media\/935"}],"wp:attachment":[{"href":"https:\/\/www.trimagus.hu\/index.php\/wp-json\/wp\/v2\/media?parent=143"}],"curies":[{"name":"wp","href":"https:\/\/api.w.org\/{rel}","templated":true}]}}