{"id":1434,"date":"2018-02-21T20:01:14","date_gmt":"2018-02-21T20:01:14","guid":{"rendered":"https:\/\/www.trimagus.hu\/?page_id=1434"},"modified":"2018-02-21T20:29:31","modified_gmt":"2018-02-21T20:29:31","slug":"feng-shui","status":"publish","type":"page","link":"https:\/\/www.trimagus.hu\/index.php\/kepzesek\/feng-shui\/","title":{"rendered":"Feng Shui"},"content":{"rendered":"<p style=\"text-align: justify;\">A Feng Shui az \u0151si k\u00ednai mesterek titkos b\u00f6lcsess\u00e9ge \u00e9s tan\u00edt\u00e1sa volt \u00e9vezredeken \u00e1t. Alapvet\u0151en a t\u00f6k\u00e9letes hely megtal\u00e1l\u00e1s\u00e1nak m\u0171v\u00e9szet\u00e9t jelenti. A F\u00f6ld \u00e9s a benne \u00e9l\u0151 ember egy egy\u00fctt l\u00fcktet\u0151 rendszert alkot.<\/p>\n<p style=\"text-align: justify;\">Ahhoz, hogy megtal\u00e1lhassuk az ember sz\u00e1m\u00e1ra a t\u00f6k\u00e9letes helyet a rendszeren bel\u00fcl, ismerni kell a v\u00e1ltoz\u00f3k param\u00e9tereit. Ezek pedig a t\u00e9rb\u0151l, id\u0151b\u0151l \u00e9s a benne \u00e9l\u0151 emberb\u0151l \u00e1llnak \u00f6ssze. Ennek alapj\u00e1n a Feng Shui elemz\u00e9snek k\u00e9t t\u00edpus\u00e1val foglalkozhatunk.<\/p>\n<p style=\"text-align: justify;\">Az egyik az \u00e9lett\u00e9r elemz\u00e9se a benne \u00e9l\u0151k vonatkoz\u00e1s\u00e1ban, a m\u00e1sik pedig a F\u00f6ldre lesz\u00fcletett ember szem\u00e9lyes k\u00e9plete alapj\u00e1n kirajzol\u00f3d\u00f3 egy\u00e9ni konstrukci\u00f3, illetve m\u0171k\u00f6d\u00e9si modell. Ez a modell meghat\u00e1rozza az egyed alapvet\u0151 k\u00e9pess\u00e9geit, sz\u00fcks\u00e9gleteit, eg\u00e9szs\u00e9g\u00fcgyi k\u00e9rd\u00e9seket, az \u00e9lete sor\u00e1n kih\u00edv\u00e1st jelent\u0151 ter\u00fcleteket, emberi kapcsolatrendszer\u00e9t, illetve a sors\u00e1nak alakul\u00e1s\u00e1t \u2013 energetikai vonatkoz\u00e1sok t\u00fckr\u00e9ben. Ezt leegyszer\u0171s\u00edtve mondhatjuk, hogy megkaphatjuk a konstrukci\u00f3t, hogy milyen j\u00e1rm\u0171vet v\u00e1lasztottunk aktu\u00e1lis \u00e9let\u00fcnk id\u0151tartam\u00e1ra, illetve az utat is, amin ezzel a j\u00e1rm\u0171vel v\u00e9gig kell hajtanunk.<\/p>\n<p style=\"text-align: center;\">\u2666\u2666\u2666<\/p>\n<p style=\"text-align: justify;\"><strong><em>Az \u00e9rdekl\u0151d\u0151nek m\u00f3dj\u00e1ban \u00e1ll \u00edzel\u00edt\u0151t kapni ebb\u0151l az \u0151si tud\u00e1sb\u00f3l. Az igaz\u00e1n elk\u00f6telezettek pedig el is saj\u00e1t\u00edthatj\u00e1k mindezt, megteremtve a lehet\u0151s\u00e9g\u00e9t annak, hogy teljesebb \u00e9s kiegyens\u00falyozottabb \u00e9letet alak\u00edtsanak ki mind maguk, mind pedig szeretteik sz\u00e1m\u00e1ra.<\/em><\/strong><\/p>\n<p style=\"text-align: justify;\"><strong><em><img loading=\"lazy\" decoding=\"async\" class=\"size-medium wp-image-1441 alignright\" src=\"https:\/\/www.trimagus.hu\/wp-content\/uploads\/2018\/02\/surf-300x195.jpg\" alt=\"surf\" width=\"300\" height=\"195\" srcset=\"https:\/\/www.trimagus.hu\/wp-content\/uploads\/2018\/02\/surf-300x195.jpg 300w, https:\/\/www.trimagus.hu\/wp-content\/uploads\/2018\/02\/surf.jpg 390w\" sizes=\"(max-width: 300px) 100vw, 300px\" \/><\/em><\/strong><\/p>\n<p style=\"text-align: center; padding-left: 30px;\">\u2666<\/p>\n<p style=\"text-align: center; padding-left: 30px;\"><strong><em>A tud\u00e1sanyag gyakorlatba val\u00f3 \u00e1t\u00fcltet\u00e9s\u00e9vel olyan sz\u00f6rfdeszk\u00e1t \u00e9p\u00edthet\u00fcnk, melynek seg\u00edts\u00e9g\u00e9vel meglovagolhatjuk a k\u00f6rnyezet\u00fcnk \u00e1lland\u00f3 v\u00e1ltoz\u00e1sa \u00e1ltal gerjesztett hull\u00e1mokat. Ez\u00e1ltal mintegy ir\u00e1nyt\u0171t kapunk a kez\u00fcnkbe \u00e9s k\u00e9pess\u00e9 v\u00e1lunk k\u00f6vetni a minket k\u00f6r\u00fclvev\u0151 vil\u00e1g szabad szemmel nem l\u00e1that\u00f3 finomenergetikai rezd\u00fcl\u00e9seit \u00e9s a folyamatos v\u00e1ltoz\u00e1st.<\/em><\/strong><\/p>\n<p style=\"text-align: center; padding-left: 30px;\">\u2666\u2666\u2666<\/p>\n","protected":false},"excerpt":{"rendered":"<p>A Feng Shui az \u0151si k\u00ednai mesterek titkos b\u00f6lcsess\u00e9ge \u00e9s tan\u00edt\u00e1sa volt \u00e9vezredeken \u00e1t. Alapvet\u0151en a t\u00f6k\u00e9letes hely megtal\u00e1l\u00e1s\u00e1nak m\u0171v\u00e9szet\u00e9t jelenti. A F\u00f6ld \u00e9s a benne \u00e9l\u0151 ember egy egy\u00fctt l\u00fcktet\u0151 rendszert alkot. Ahhoz, hogy megtal\u00e1lhassuk az ember sz\u00e1m\u00e1ra a t\u00f6k\u00e9letes helyet a rendszeren bel\u00fcl, ismerni kell a v\u00e1ltoz\u00f3k param\u00e9tereit. Ezek pedig a t\u00e9rb\u0151l, id\u0151b\u0151l [&hellip;]<\/p>\n","protected":false},"author":1,"featured_media":1440,"parent":45,"menu_order":0,"comment_status":"closed","ping_status":"closed","template":"","meta":{"footnotes":""},"_links":{"self":[{"href":"https:\/\/www.trimagus.hu\/index.php\/wp-json\/wp\/v2\/pages\/1434"}],"collection":[{"href":"https:\/\/www.trimagus.hu\/index.php\/wp-json\/wp\/v2\/pages"}],"about":[{"href":"https:\/\/www.trimagus.hu\/index.php\/wp-json\/wp\/v2\/types\/page"}],"author":[{"embeddable":true,"href":"https:\/\/www.trimagus.hu\/index.php\/wp-json\/wp\/v2\/users\/1"}],"replies":[{"embeddable":true,"href":"https:\/\/www.trimagus.hu\/index.php\/wp-json\/wp\/v2\/comments?post=1434"}],"version-history":[{"count":16,"href":"https:\/\/www.trimagus.hu\/index.php\/wp-json\/wp\/v2\/pages\/1434\/revisions"}],"predecessor-version":[{"id":1454,"href":"https:\/\/www.trimagus.hu\/index.php\/wp-json\/wp\/v2\/pages\/1434\/revisions\/1454"}],"up":[{"embeddable":true,"href":"https:\/\/www.trimagus.hu\/index.php\/wp-json\/wp\/v2\/pages\/45"}],"wp:featuredmedia":[{"embeddable":true,"href":"https:\/\/www.trimagus.hu\/index.php\/wp-json\/wp\/v2\/media\/1440"}],"wp:attachment":[{"href":"https:\/\/www.trimagus.hu\/index.php\/wp-json\/wp\/v2\/media?parent=1434"}],"curies":[{"name":"wp","href":"https:\/\/api.w.org\/{rel}","templated":true}]}}